{"id":9332,"date":"2020-01-16T16:43:58","date_gmt":"2020-01-16T15:43:58","guid":{"rendered":"https:\/\/full.polito.it\/agenda\/re-coding-ripensare-le-regole-della-citta\/"},"modified":"2020-01-16T16:43:58","modified_gmt":"2020-01-16T15:43:58","slug":"re-coding-ripensare-le-regole-della-citta","status":"publish","type":"agenda","link":"https:\/\/full.polito.it\/en\/events\/re-coding-ripensare-le-regole-della-citta\/","title":{"rendered":"Re-coding. Ripensare le regole della citt\u00e0"},"content":{"rendered":"<p>Research workshop<\/p>\n<p><strong>Re-coding. Ripensare le regole della citt\u00e0<\/strong><\/p>\n<p>27.01.2020 &#8211; 10:30am<br \/>\nToolbox Coworking, Torino<\/p>\n<div>F<em>UL<\/em>L \u00e8 lieto di invitarvi a partecipare al <strong>Research workshop &#8220;Re-Coding. Ripensare le regole della citt\u00e0&#8221;<\/strong> dove verranno presentati i primi esiti della ricerca, raccolti nel Quaderno 1 di F<em>UL<\/em>L. Il workshp sar\u00e0 un&#8217;occasione di discussione delle proposte del gruppo di ricerca Re-coding sui regolamenti edilizi di Torino nel quadro dell&#8217;Accordo di collaborazione tra la Citt\u00e0 di Torino e il Politecnico per studi e ricerche atinenti le attivit\u00e0 di indagine propedeutiche alla revisione generale del PRG.<\/div>\n<div>\n<p>Parteciperanno alla discussione, assieme al gruppo di ricerca Re-coding e ai tecnici dei settori Urbanistica, Edilizia e Ambiente della Citt\u00e0 di Torino:<br \/>\nEzio Micelli | Iuav<br \/>\nEdoardo Caruso | UniFe<br \/>\nStefano Moroni | Polimi<br \/>\nEran Ben-Joseph | MIT DUSP<\/p>\n<p>Modera:<br \/>\nMatteo Robiglio | FULL | DAD<\/p>\n<p>Intervengono:<br \/>\nCarlo Alberto Barbieri | DIST<br \/>\nCarolina Giaimo | DIST<\/p>\n<\/div>\n","protected":false},"excerpt":{"rendered":"<p>Research workshop Re-coding. Ripensare le regole della citt\u00e0 27.01.2020 &#8211; 10:30am Toolbox Coworking, Torino FULL \u00e8 lieto di invitarvi a partecipare al Research workshop &#8220;Re-Coding. Ripensare le regole della citt\u00e0&#8221; dove verranno presentati i primi esiti della ricerca, raccolti nel Quaderno 1 di FULL. Il workshp sar\u00e0 un&#8217;occasione di discussione delle proposte del gruppo di [&hellip;]<\/p>\n","protected":false},"featured_media":0,"parent":0,"template":"","meta":{"_acf_changed":false},"primo-piano":[],"research-tag":[],"research-tematictag":[],"agenda-type":[360],"class_list":["post-9332","agenda","type-agenda","status-publish","hentry","agenda-type-workshop-en"],"acf":[],"yoast_head":"<!-- This site is optimized with the Yoast SEO plugin v26.9 - https:\/\/yoast.com\/product\/yoast-seo-wordpress\/ -->\n<title>Re-coding. Ripensare le regole della citt\u00e0 - FULL | the Future Urban Legacy Lab<\/title>\n<meta name=\"robots\" content=\"index, follow, max-snippet:-1, max-image-preview:large, max-video-preview:-1\" \/>\n<link rel=\"canonical\" href=\"https:\/\/full.polito.it\/en\/events\/re-coding-ripensare-le-regole-della-citta\/\" \/>\n<meta property=\"og:locale\" content=\"en_US\" \/>\n<meta property=\"og:type\" content=\"article\" \/>\n<meta property=\"og:title\" content=\"Re-coding. Ripensare le regole della citt\u00e0 - FULL | the Future Urban Legacy Lab\" \/>\n<meta property=\"og:description\" content=\"Research workshop Re-coding. Ripensare le regole della citt\u00e0 27.01.2020 &#8211; 10:30am Toolbox Coworking, Torino FULL \u00e8 lieto di invitarvi a partecipare al Research workshop &#8220;Re-Coding. Ripensare le regole della citt\u00e0&#8221; dove verranno presentati i primi esiti della ricerca, raccolti nel Quaderno 1 di FULL. Il workshp sar\u00e0 un&#8217;occasione di discussione delle proposte del gruppo di [&hellip;]\" \/>\n<meta property=\"og:url\" content=\"https:\/\/full.polito.it\/en\/events\/re-coding-ripensare-le-regole-della-citta\/\" \/>\n<meta property=\"og:site_name\" content=\"FULL | the Future Urban Legacy Lab\" \/>\n<meta name=\"twitter:card\" content=\"summary_large_image\" \/>\n<meta name=\"twitter:label1\" content=\"Est. reading time\" \/>\n\t<meta name=\"twitter:data1\" content=\"1 minute\" \/>\n<script type=\"application\/ld+json\" class=\"yoast-schema-graph\">{\"@context\":\"https:\/\/schema.org\",\"@graph\":[{\"@type\":\"WebPage\",\"@id\":\"https:\/\/full.polito.it\/en\/events\/re-coding-ripensare-le-regole-della-citta\/\",\"url\":\"https:\/\/full.polito.it\/en\/events\/re-coding-ripensare-le-regole-della-citta\/\",\"name\":\"Re-coding. Ripensare le regole della citt\u00e0 - FULL | the Future Urban Legacy Lab\",\"isPartOf\":{\"@id\":\"https:\/\/full.polito.it\/en\/#website\"},\"datePublished\":\"2020-01-16T15:43:58+00:00\",\"breadcrumb\":{\"@id\":\"https:\/\/full.polito.it\/en\/events\/re-coding-ripensare-le-regole-della-citta\/#breadcrumb\"},\"inLanguage\":\"en-US\",\"potentialAction\":[{\"@type\":\"ReadAction\",\"target\":[\"https:\/\/full.polito.it\/en\/events\/re-coding-ripensare-le-regole-della-citta\/\"]}]},{\"@type\":\"BreadcrumbList\",\"@id\":\"https:\/\/full.polito.it\/en\/events\/re-coding-ripensare-le-regole-della-citta\/#breadcrumb\",\"itemListElement\":[{\"@type\":\"ListItem\",\"position\":1,\"name\":\"Home\",\"item\":\"https:\/\/full.polito.it\/en\/\"},{\"@type\":\"ListItem\",\"position\":2,\"name\":\"Events\",\"item\":\"https:\/\/full.polito.it\/en\/events\/\"},{\"@type\":\"ListItem\",\"position\":3,\"name\":\"Re-coding. Ripensare le regole della citt\u00e0\"}]},{\"@type\":\"WebSite\",\"@id\":\"https:\/\/full.polito.it\/en\/#website\",\"url\":\"https:\/\/full.polito.it\/en\/\",\"name\":\"FULL | the Future Urban Legacy Lab\",\"description\":\"the Future Urban Legacy Lab\",\"publisher\":{\"@id\":\"https:\/\/full.polito.it\/en\/#organization\"},\"potentialAction\":[{\"@type\":\"SearchAction\",\"target\":{\"@type\":\"EntryPoint\",\"urlTemplate\":\"https:\/\/full.polito.it\/en\/?s={search_term_string}\"},\"query-input\":{\"@type\":\"PropertyValueSpecification\",\"valueRequired\":true,\"valueName\":\"search_term_string\"}}],\"inLanguage\":\"en-US\"},{\"@type\":\"Organization\",\"@id\":\"https:\/\/full.polito.it\/en\/#organization\",\"name\":\"FULL | the Future Urban Legacy Lab\",\"url\":\"https:\/\/full.polito.it\/en\/\",\"logo\":{\"@type\":\"ImageObject\",\"inLanguage\":\"en-US\",\"@id\":\"https:\/\/full.polito.it\/en\/#\/schema\/logo\/image\/\",\"url\":\"https:\/\/full.polito.it\/wp-content\/uploads\/2025\/07\/fullo-logo-nero.webp\",\"contentUrl\":\"https:\/\/full.polito.it\/wp-content\/uploads\/2025\/07\/fullo-logo-nero.webp\",\"width\":600,\"height\":225,\"caption\":\"FULL | the Future Urban Legacy Lab\"},\"image\":{\"@id\":\"https:\/\/full.polito.it\/en\/#\/schema\/logo\/image\/\"}}]}<\/script>\n<!-- \/ Yoast SEO plugin. -->","yoast_head_json":{"title":"Re-coding. Ripensare le regole della citt\u00e0 - FULL | the Future Urban Legacy Lab","robots":{"index":"index","follow":"follow","max-snippet":"max-snippet:-1","max-image-preview":"max-image-preview:large","max-video-preview":"max-video-preview:-1"},"canonical":"https:\/\/full.polito.it\/en\/events\/re-coding-ripensare-le-regole-della-citta\/","og_locale":"en_US","og_type":"article","og_title":"Re-coding. Ripensare le regole della citt\u00e0 - FULL | the Future Urban Legacy Lab","og_description":"Research workshop Re-coding. Ripensare le regole della citt\u00e0 27.01.2020 &#8211; 10:30am Toolbox Coworking, Torino FULL \u00e8 lieto di invitarvi a partecipare al Research workshop &#8220;Re-Coding. Ripensare le regole della citt\u00e0&#8221; dove verranno presentati i primi esiti della ricerca, raccolti nel Quaderno 1 di FULL. Il workshp sar\u00e0 un&#8217;occasione di discussione delle proposte del gruppo di [&hellip;]","og_url":"https:\/\/full.polito.it\/en\/events\/re-coding-ripensare-le-regole-della-citta\/","og_site_name":"FULL | the Future Urban Legacy Lab","twitter_card":"summary_large_image","twitter_misc":{"Est. reading time":"1 minute"},"schema":{"@context":"https:\/\/schema.org","@graph":[{"@type":"WebPage","@id":"https:\/\/full.polito.it\/en\/events\/re-coding-ripensare-le-regole-della-citta\/","url":"https:\/\/full.polito.it\/en\/events\/re-coding-ripensare-le-regole-della-citta\/","name":"Re-coding. Ripensare le regole della citt\u00e0 - FULL | the Future Urban Legacy Lab","isPartOf":{"@id":"https:\/\/full.polito.it\/en\/#website"},"datePublished":"2020-01-16T15:43:58+00:00","breadcrumb":{"@id":"https:\/\/full.polito.it\/en\/events\/re-coding-ripensare-le-regole-della-citta\/#breadcrumb"},"inLanguage":"en-US","potentialAction":[{"@type":"ReadAction","target":["https:\/\/full.polito.it\/en\/events\/re-coding-ripensare-le-regole-della-citta\/"]}]},{"@type":"BreadcrumbList","@id":"https:\/\/full.polito.it\/en\/events\/re-coding-ripensare-le-regole-della-citta\/#breadcrumb","itemListElement":[{"@type":"ListItem","position":1,"name":"Home","item":"https:\/\/full.polito.it\/en\/"},{"@type":"ListItem","position":2,"name":"Events","item":"https:\/\/full.polito.it\/en\/events\/"},{"@type":"ListItem","position":3,"name":"Re-coding. Ripensare le regole della citt\u00e0"}]},{"@type":"WebSite","@id":"https:\/\/full.polito.it\/en\/#website","url":"https:\/\/full.polito.it\/en\/","name":"FULL | the Future Urban Legacy Lab","description":"the Future Urban Legacy Lab","publisher":{"@id":"https:\/\/full.polito.it\/en\/#organization"},"potentialAction":[{"@type":"SearchAction","target":{"@type":"EntryPoint","urlTemplate":"https:\/\/full.polito.it\/en\/?s={search_term_string}"},"query-input":{"@type":"PropertyValueSpecification","valueRequired":true,"valueName":"search_term_string"}}],"inLanguage":"en-US"},{"@type":"Organization","@id":"https:\/\/full.polito.it\/en\/#organization","name":"FULL | the Future Urban Legacy Lab","url":"https:\/\/full.polito.it\/en\/","logo":{"@type":"ImageObject","inLanguage":"en-US","@id":"https:\/\/full.polito.it\/en\/#\/schema\/logo\/image\/","url":"https:\/\/full.polito.it\/wp-content\/uploads\/2025\/07\/fullo-logo-nero.webp","contentUrl":"https:\/\/full.polito.it\/wp-content\/uploads\/2025\/07\/fullo-logo-nero.webp","width":600,"height":225,"caption":"FULL | the Future Urban Legacy Lab"},"image":{"@id":"https:\/\/full.polito.it\/en\/#\/schema\/logo\/image\/"}}]}},"_links":{"self":[{"href":"https:\/\/full.polito.it\/en\/wp-json\/wp\/v2\/agenda\/9332","targetHints":{"allow":["GET"]}}],"collection":[{"href":"https:\/\/full.polito.it\/en\/wp-json\/wp\/v2\/agenda"}],"about":[{"href":"https:\/\/full.polito.it\/en\/wp-json\/wp\/v2\/types\/agenda"}],"wp:attachment":[{"href":"https:\/\/full.polito.it\/en\/wp-json\/wp\/v2\/media?parent=9332"}],"wp:term":[{"taxonomy":"primo-piano","embeddable":true,"href":"https:\/\/full.polito.it\/en\/wp-json\/wp\/v2\/primo-piano?post=9332"},{"taxonomy":"research-tag","embeddable":true,"href":"https:\/\/full.polito.it\/en\/wp-json\/wp\/v2\/research-tag?post=9332"},{"taxonomy":"research-tematictag","embeddable":true,"href":"https:\/\/full.polito.it\/en\/wp-json\/wp\/v2\/research-tematictag?post=9332"},{"taxonomy":"agenda-type","embeddable":true,"href":"https:\/\/full.polito.it\/en\/wp-json\/wp\/v2\/agenda-type?post=9332"}],"curies":[{"name":"wp","href":"https:\/\/api.w.org\/{rel}","templated":true}]}}

Re-coding. Ripensare le regole della città

<p>Research workshop</p>
<p><strong>Re-coding. Ripensare le regole della città</strong></p>
<p>27.01.2020 &#8211; 10:30am<br />
Toolbox Coworking, Torino</p>
<div>F<em>UL</em>L è lieto di invitarvi a partecipare al <strong>Research workshop &#8220;Re-Coding. Ripensare le regole della città&#8221;</strong> dove verranno presentati i primi esiti della ricerca, raccolti nel Quaderno 1 di F<em>UL</em>L. Il workshp sarà un&#8217;occasione di discussione delle proposte del gruppo di ricerca Re-coding sui regolamenti edilizi di Torino nel quadro dell&#8217;Accordo di collaborazione tra la Città di Torino e il Politecnico per studi e ricerche atinenti le attività di indagine propedeutiche alla revisione generale del PRG.</div>
<div>
<p>Parteciperanno alla discussione, assieme al gruppo di ricerca Re-coding e ai tecnici dei settori Urbanistica, Edilizia e Ambiente della Città di Torino:<br />
Ezio Micelli | Iuav<br />
Edoardo Caruso | UniFe<br />
Stefano Moroni | Polimi<br />
Eran Ben-Joseph | MIT DUSP</p>
<p>Modera:<br />
Matteo Robiglio | FULL | DAD</p>
<p>Intervengono:<br />
Carlo Alberto Barbieri | DIST<br />
Carolina Giaimo | DIST</p>
</div>

<p>Research workshop Re-coding. Ripensare le regole della città 27.01.2020 &#8211; 10:30am Toolbox Coworking, Torino FULL è lieto di invitarvi a partecipare al Research workshop &#8220;Re-Coding. Ripensare le regole della città&#8221; dove verranno presentati i primi esiti della ricerca, raccolti nel Quaderno 1 di FULL. Il workshp sarà un&#8217;occasione di discussione delle proposte del gruppo di [&hellip;]</p>

<!-- This site is optimized with the Yoast SEO plugin v26.9 - https://yoast.com/product/yoast-seo-wordpress/ -->
<title>Re-coding. Ripensare le regole della città - FULL | the Future Urban Legacy Lab</title>
<meta name="robots" content="index, follow, max-snippet:-1, max-image-preview:large, max-video-preview:-1" />
<link rel="canonical" href="https://full.polito.it/en/events/re-coding-ripensare-le-regole-della-citta/" />
<meta property="og:locale" content="en_US" />
<meta property="og:type" content="article" />
<meta property="og:title" content="Re-coding. Ripensare le regole della città - FULL | the Future Urban Legacy Lab" />
<meta property="og:description" content="Research workshop Re-coding. Ripensare le regole della città 27.01.2020 &#8211; 10:30am Toolbox Coworking, Torino FULL è lieto di invitarvi a partecipare al Research workshop &#8220;Re-Coding. Ripensare le regole della città&#8221; dove verranno presentati i primi esiti della ricerca, raccolti nel Quaderno 1 di FULL. Il workshp sarà un&#8217;occasione di discussione delle proposte del gruppo di [&hellip;]" />
<meta property="og:url" content="https://full.polito.it/en/events/re-coding-ripensare-le-regole-della-citta/" />
<meta property="og:site_name" content="FULL | the Future Urban Legacy Lab" />
<meta name="twitter:card" content="summary_large_image" />
<meta name="twitter:label1" content="Est. reading time" />
	<meta name="twitter:data1" content="1 minute" />
<script type="application/ld+json" class="yoast-schema-graph">{"@context":"https://schema.org","@graph":[{"@type":"WebPage","@id":"https://full.polito.it/en/events/re-coding-ripensare-le-regole-della-citta/","url":"https://full.polito.it/en/events/re-coding-ripensare-le-regole-della-citta/","name":"Re-coding. Ripensare le regole della città - FULL | the Future Urban Legacy Lab","isPartOf":{"@id":"https://full.polito.it/en/#website"},"datePublished":"2020-01-16T15:43:58+00:00","breadcrumb":{"@id":"https://full.polito.it/en/events/re-coding-ripensare-le-regole-della-citta/#breadcrumb"},"inLanguage":"en-US","potentialAction":[{"@type":"ReadAction","target":["https://full.polito.it/en/events/re-coding-ripensare-le-regole-della-citta/"]}]},{"@type":"BreadcrumbList","@id":"https://full.polito.it/en/events/re-coding-ripensare-le-regole-della-citta/#breadcrumb","itemListElement":[{"@type":"ListItem","position":1,"name":"Home","item":"https://full.polito.it/en/"},{"@type":"ListItem","position":2,"name":"Events","item":"https://full.polito.it/en/events/"},{"@type":"ListItem","position":3,"name":"Re-coding. Ripensare le regole della città"}]},{"@type":"WebSite","@id":"https://full.polito.it/en/#website","url":"https://full.polito.it/en/","name":"FULL | the Future Urban Legacy Lab","description":"the Future Urban Legacy Lab","publisher":{"@id":"https://full.polito.it/en/#organization"},"potentialAction":[{"@type":"SearchAction","target":{"@type":"EntryPoint","urlTemplate":"https://full.polito.it/en/?s={search_term_string}"},"query-input":{"@type":"PropertyValueSpecification","valueRequired":true,"valueName":"search_term_string"}}],"inLanguage":"en-US"},{"@type":"Organization","@id":"https://full.polito.it/en/#organization","name":"FULL | the Future Urban Legacy Lab","url":"https://full.polito.it/en/","logo":{"@type":"ImageObject","inLanguage":"en-US","@id":"https://full.polito.it/en/#/schema/logo/image/","url":"https://full.polito.it/wp-content/uploads/2025/07/fullo-logo-nero.webp","contentUrl":"https://full.polito.it/wp-content/uploads/2025/07/fullo-logo-nero.webp","width":600,"height":225,"caption":"FULL | the Future Urban Legacy Lab"},"image":{"@id":"https://full.polito.it/en/#/schema/logo/image/"}}]}</script>
<!-- / Yoast SEO plugin. -->

Re-coding. Ripensare le regole della città - FULL | the Future Urban Legacy Lab

Research workshop Re-coding. Ripensare le regole della città 27.01.2020 &#8211; 10:30am Toolbox Coworking, Torino FULL è lieto di invitarvi a partecipare al Research workshop &#8220;Re-Coding. Ripensare le regole della città&#8221; dove verranno presentati i primi esiti della ricerca, raccolti nel Quaderno 1 di FULL. Il workshp sarà un&#8217;occasione di discussione delle proposte del gruppo di [&hellip;]
