{"id":9327,"date":"2019-09-27T16:25:53","date_gmt":"2019-09-27T14:25:53","guid":{"rendered":"https:\/\/full.polito.it\/agenda\/full-exhibition-unveiled-places-martina-zena-graphic-days-torino\/"},"modified":"2019-09-27T16:25:53","modified_gmt":"2019-09-27T14:25:53","slug":"full-exhibition-unveiled-places-martina-zena-graphic-days-torino","status":"publish","type":"agenda","link":"https:\/\/full.polito.it\/en\/events\/full-exhibition-unveiled-places-martina-zena-graphic-days-torino\/","title":{"rendered":"FULL Exhibition | Unveiled Places | Martina Zena | Graphic Days Torino"},"content":{"rendered":"<p><strong>Il centro interdipartimentale F<em>UL<\/em>L \u2013 the Future <em>Urban Legacy<\/em> Lab., \u00e8 lieto di ospitare la mostra <em>Unveiled Places<\/em><\/strong><\/p>\n<p><strong>a cura di Martina Zena e Graphic Days Torino, in collaborazione con Tipografia Altedo<\/strong><\/p>\n<p><strong><em>Unveiled Places<\/em><\/strong><\/p>\n<p>I luoghi accolgono, ricordano, ascoltano\u2026 A volte si svuotano e poi vengono dimenticati.<br \/>\nQuesti sono gli spazi da riscoprire e riempire di nuove storie.<br \/>\nTorino offre numerosi siti che chiedono di essere visti e guardati sotto una nuova luce e gli occhi di chi questa citt\u00e0 la vive stanno imparando a capirne le possibilit\u00e0.<br \/>\nCirca 650 mila sono i metri quadri su cui la citt\u00e0 pu\u00f2 investire, rappresentando cos\u00ec un\u2019opportunit\u00e0 di sviluppo e di rigenerazione urbana. Sono numerosi i progetti pensati per queste aree che stanno prendendo forma.<br \/>\nI luoghi individuati in questa mappa rappresentano solo una piccola parte di un ricco potenziale, ma sono realt\u00e0 che identificano quello che \u00e8 stato e che \u00e8 il volto di Torino, una citt\u00e0 che ha accolto le attivit\u00e0 di grandi aziende, di preziose ricchezze urbane e architettoniche, di universit\u00e0 innovative, una citt\u00e0 rispettosa dell\u2019ambiente e attenta alle necessit\u00e0 dei cittadini. \u00c8 da questi spazi che bisogna ripartire: questa infatti \u00e8 la meta verso cui ci si sta muovendo da pi\u00f9 direzioni, perseguendo un intento comune e condiviso.<\/p>\n<p><em>Unveiled Places<\/em> \u00e8 una grande mappa che disegna la citt\u00e0 intera utilizzando carte differenti, tagliate e marcate a laser, per rappresentare le aree verdi e i corsi d\u2019acqua che la circondano, i monumenti, gli edifici e il reticolo di strade che l&#8217;attraversano.<br \/>\nL\u2019installazione si completa quando il visitatore interagisce con l\u2019opera, scoprendo, grazie al proprio smartphone e ad una tecnologia interattiva, quali sono i luoghi da riscoprire e reinventare.<\/p>\n<p><strong>Martina Zena<\/strong> was born in Sant\u2019Agostino, the valley in the heart of the Emilia-Romagna region. At present, she is based in Milan.<br \/>\nFollowing a classical background, Martina studied at the Academy of Fine Arts of Bologna. Her staying at Fabrica (communication research center of the Benetton Group) was then crucial for experimenting and growing professionally, together with a multidisciplinary and international team. The experience highlighted her passion for hybrid forms of expression.<\/p>\n<p><strong>Martina Zena<\/strong> \u00e8 nata a Sant&#8217;Agostino, la valle nel cuore dell&#8217;Emilia-Romagna. Attualmente vive a Milano.<br \/>\nSeguendo una formazione classica, Martina ha studiato all&#8217;Accademia di Belle Arti di Bologna. La sua permanenza a Fabrica (centro di ricerca sulla comunicazione del gruppo Benetton) \u00e8 stata quindi cruciale per sperimentare e crescere professionalmente, insieme a un team multidisciplinare e internazionale. L&#8217;esperienza ha messo in luce la sua passione per le forme espressive ibride.<\/p>\n<p><a href=\"https:\/\/www.graphicdays.it\/mostre\/\">Graphic Days Torino 2019<\/a><\/p>\n<p><a href=\"http:\/\/www.martinazena.com\">Martina Zena<\/a><\/p>\n","protected":false},"excerpt":{"rendered":"<p>Il centro interdipartimentale FULL \u2013 the Future Urban Legacy Lab., \u00e8 lieto di ospitare la mostra Unveiled Places a cura di Martina Zena e Graphic Days Torino, in collaborazione con Tipografia Altedo Unveiled Places I luoghi accolgono, ricordano, ascoltano\u2026 A volte si svuotano e poi vengono dimenticati. Questi sono gli spazi da riscoprire e riempire [&hellip;]<\/p>\n","protected":false},"featured_media":0,"parent":0,"template":"","meta":{"_acf_changed":false},"primo-piano":[],"research-tag":[],"research-tematictag":[],"agenda-type":[357],"class_list":["post-9327","agenda","type-agenda","status-publish","hentry","agenda-type-exhibition"],"acf":[],"yoast_head":"<!-- This site is optimized with the Yoast SEO plugin v26.9 - https:\/\/yoast.com\/product\/yoast-seo-wordpress\/ -->\n<title>FULL Exhibition | Unveiled Places | Martina Zena | Graphic Days Torino - FULL | the Future Urban Legacy Lab<\/title>\n<meta name=\"robots\" content=\"index, follow, max-snippet:-1, max-image-preview:large, max-video-preview:-1\" \/>\n<link rel=\"canonical\" href=\"https:\/\/full.polito.it\/en\/events\/full-exhibition-unveiled-places-martina-zena-graphic-days-torino\/\" \/>\n<meta property=\"og:locale\" content=\"en_US\" \/>\n<meta property=\"og:type\" content=\"article\" \/>\n<meta property=\"og:title\" content=\"FULL Exhibition | Unveiled Places | Martina Zena | Graphic Days Torino - FULL | the Future Urban Legacy Lab\" \/>\n<meta property=\"og:description\" content=\"Il centro interdipartimentale FULL \u2013 the Future Urban Legacy Lab., \u00e8 lieto di ospitare la mostra Unveiled Places a cura di Martina Zena e Graphic Days Torino, in collaborazione con Tipografia Altedo Unveiled Places I luoghi accolgono, ricordano, ascoltano\u2026 A volte si svuotano e poi vengono dimenticati. Questi sono gli spazi da riscoprire e riempire [&hellip;]\" \/>\n<meta property=\"og:url\" content=\"https:\/\/full.polito.it\/en\/events\/full-exhibition-unveiled-places-martina-zena-graphic-days-torino\/\" \/>\n<meta property=\"og:site_name\" content=\"FULL | the Future Urban Legacy Lab\" \/>\n<meta name=\"twitter:card\" content=\"summary_large_image\" \/>\n<meta name=\"twitter:label1\" content=\"Est. reading time\" \/>\n\t<meta name=\"twitter:data1\" content=\"2 minutes\" \/>\n<script type=\"application\/ld+json\" class=\"yoast-schema-graph\">{\"@context\":\"https:\/\/schema.org\",\"@graph\":[{\"@type\":\"WebPage\",\"@id\":\"https:\/\/full.polito.it\/en\/events\/full-exhibition-unveiled-places-martina-zena-graphic-days-torino\/\",\"url\":\"https:\/\/full.polito.it\/en\/events\/full-exhibition-unveiled-places-martina-zena-graphic-days-torino\/\",\"name\":\"FULL Exhibition | Unveiled Places | Martina Zena | Graphic Days Torino - FULL | the Future Urban Legacy Lab\",\"isPartOf\":{\"@id\":\"https:\/\/full.polito.it\/en\/#website\"},\"datePublished\":\"2019-09-27T14:25:53+00:00\",\"breadcrumb\":{\"@id\":\"https:\/\/full.polito.it\/en\/events\/full-exhibition-unveiled-places-martina-zena-graphic-days-torino\/#breadcrumb\"},\"inLanguage\":\"en-US\",\"potentialAction\":[{\"@type\":\"ReadAction\",\"target\":[\"https:\/\/full.polito.it\/en\/events\/full-exhibition-unveiled-places-martina-zena-graphic-days-torino\/\"]}]},{\"@type\":\"BreadcrumbList\",\"@id\":\"https:\/\/full.polito.it\/en\/events\/full-exhibition-unveiled-places-martina-zena-graphic-days-torino\/#breadcrumb\",\"itemListElement\":[{\"@type\":\"ListItem\",\"position\":1,\"name\":\"Home\",\"item\":\"https:\/\/full.polito.it\/en\/\"},{\"@type\":\"ListItem\",\"position\":2,\"name\":\"Events\",\"item\":\"https:\/\/full.polito.it\/en\/events\/\"},{\"@type\":\"ListItem\",\"position\":3,\"name\":\"FULL Exhibition | Unveiled Places | Martina Zena | Graphic Days Torino\"}]},{\"@type\":\"WebSite\",\"@id\":\"https:\/\/full.polito.it\/en\/#website\",\"url\":\"https:\/\/full.polito.it\/en\/\",\"name\":\"FULL | the Future Urban Legacy Lab\",\"description\":\"the Future Urban Legacy Lab\",\"publisher\":{\"@id\":\"https:\/\/full.polito.it\/en\/#organization\"},\"potentialAction\":[{\"@type\":\"SearchAction\",\"target\":{\"@type\":\"EntryPoint\",\"urlTemplate\":\"https:\/\/full.polito.it\/en\/?s={search_term_string}\"},\"query-input\":{\"@type\":\"PropertyValueSpecification\",\"valueRequired\":true,\"valueName\":\"search_term_string\"}}],\"inLanguage\":\"en-US\"},{\"@type\":\"Organization\",\"@id\":\"https:\/\/full.polito.it\/en\/#organization\",\"name\":\"FULL | the Future Urban Legacy Lab\",\"url\":\"https:\/\/full.polito.it\/en\/\",\"logo\":{\"@type\":\"ImageObject\",\"inLanguage\":\"en-US\",\"@id\":\"https:\/\/full.polito.it\/en\/#\/schema\/logo\/image\/\",\"url\":\"https:\/\/full.polito.it\/wp-content\/uploads\/2025\/07\/fullo-logo-nero.webp\",\"contentUrl\":\"https:\/\/full.polito.it\/wp-content\/uploads\/2025\/07\/fullo-logo-nero.webp\",\"width\":600,\"height\":225,\"caption\":\"FULL | the Future Urban Legacy Lab\"},\"image\":{\"@id\":\"https:\/\/full.polito.it\/en\/#\/schema\/logo\/image\/\"}}]}<\/script>\n<!-- \/ Yoast SEO plugin. -->","yoast_head_json":{"title":"FULL Exhibition | Unveiled Places | Martina Zena | Graphic Days Torino - FULL | the Future Urban Legacy Lab","robots":{"index":"index","follow":"follow","max-snippet":"max-snippet:-1","max-image-preview":"max-image-preview:large","max-video-preview":"max-video-preview:-1"},"canonical":"https:\/\/full.polito.it\/en\/events\/full-exhibition-unveiled-places-martina-zena-graphic-days-torino\/","og_locale":"en_US","og_type":"article","og_title":"FULL Exhibition | Unveiled Places | Martina Zena | Graphic Days Torino - FULL | the Future Urban Legacy Lab","og_description":"Il centro interdipartimentale FULL \u2013 the Future Urban Legacy Lab., \u00e8 lieto di ospitare la mostra Unveiled Places a cura di Martina Zena e Graphic Days Torino, in collaborazione con Tipografia Altedo Unveiled Places I luoghi accolgono, ricordano, ascoltano\u2026 A volte si svuotano e poi vengono dimenticati. Questi sono gli spazi da riscoprire e riempire [&hellip;]","og_url":"https:\/\/full.polito.it\/en\/events\/full-exhibition-unveiled-places-martina-zena-graphic-days-torino\/","og_site_name":"FULL | the Future Urban Legacy Lab","twitter_card":"summary_large_image","twitter_misc":{"Est. reading time":"2 minutes"},"schema":{"@context":"https:\/\/schema.org","@graph":[{"@type":"WebPage","@id":"https:\/\/full.polito.it\/en\/events\/full-exhibition-unveiled-places-martina-zena-graphic-days-torino\/","url":"https:\/\/full.polito.it\/en\/events\/full-exhibition-unveiled-places-martina-zena-graphic-days-torino\/","name":"FULL Exhibition | Unveiled Places | Martina Zena | Graphic Days Torino - FULL | the Future Urban Legacy Lab","isPartOf":{"@id":"https:\/\/full.polito.it\/en\/#website"},"datePublished":"2019-09-27T14:25:53+00:00","breadcrumb":{"@id":"https:\/\/full.polito.it\/en\/events\/full-exhibition-unveiled-places-martina-zena-graphic-days-torino\/#breadcrumb"},"inLanguage":"en-US","potentialAction":[{"@type":"ReadAction","target":["https:\/\/full.polito.it\/en\/events\/full-exhibition-unveiled-places-martina-zena-graphic-days-torino\/"]}]},{"@type":"BreadcrumbList","@id":"https:\/\/full.polito.it\/en\/events\/full-exhibition-unveiled-places-martina-zena-graphic-days-torino\/#breadcrumb","itemListElement":[{"@type":"ListItem","position":1,"name":"Home","item":"https:\/\/full.polito.it\/en\/"},{"@type":"ListItem","position":2,"name":"Events","item":"https:\/\/full.polito.it\/en\/events\/"},{"@type":"ListItem","position":3,"name":"FULL Exhibition | Unveiled Places | Martina Zena | Graphic Days Torino"}]},{"@type":"WebSite","@id":"https:\/\/full.polito.it\/en\/#website","url":"https:\/\/full.polito.it\/en\/","name":"FULL | the Future Urban Legacy Lab","description":"the Future Urban Legacy Lab","publisher":{"@id":"https:\/\/full.polito.it\/en\/#organization"},"potentialAction":[{"@type":"SearchAction","target":{"@type":"EntryPoint","urlTemplate":"https:\/\/full.polito.it\/en\/?s={search_term_string}"},"query-input":{"@type":"PropertyValueSpecification","valueRequired":true,"valueName":"search_term_string"}}],"inLanguage":"en-US"},{"@type":"Organization","@id":"https:\/\/full.polito.it\/en\/#organization","name":"FULL | the Future Urban Legacy Lab","url":"https:\/\/full.polito.it\/en\/","logo":{"@type":"ImageObject","inLanguage":"en-US","@id":"https:\/\/full.polito.it\/en\/#\/schema\/logo\/image\/","url":"https:\/\/full.polito.it\/wp-content\/uploads\/2025\/07\/fullo-logo-nero.webp","contentUrl":"https:\/\/full.polito.it\/wp-content\/uploads\/2025\/07\/fullo-logo-nero.webp","width":600,"height":225,"caption":"FULL | the Future Urban Legacy Lab"},"image":{"@id":"https:\/\/full.polito.it\/en\/#\/schema\/logo\/image\/"}}]}},"_links":{"self":[{"href":"https:\/\/full.polito.it\/en\/wp-json\/wp\/v2\/agenda\/9327","targetHints":{"allow":["GET"]}}],"collection":[{"href":"https:\/\/full.polito.it\/en\/wp-json\/wp\/v2\/agenda"}],"about":[{"href":"https:\/\/full.polito.it\/en\/wp-json\/wp\/v2\/types\/agenda"}],"wp:attachment":[{"href":"https:\/\/full.polito.it\/en\/wp-json\/wp\/v2\/media?parent=9327"}],"wp:term":[{"taxonomy":"primo-piano","embeddable":true,"href":"https:\/\/full.polito.it\/en\/wp-json\/wp\/v2\/primo-piano?post=9327"},{"taxonomy":"research-tag","embeddable":true,"href":"https:\/\/full.polito.it\/en\/wp-json\/wp\/v2\/research-tag?post=9327"},{"taxonomy":"research-tematictag","embeddable":true,"href":"https:\/\/full.polito.it\/en\/wp-json\/wp\/v2\/research-tematictag?post=9327"},{"taxonomy":"agenda-type","embeddable":true,"href":"https:\/\/full.polito.it\/en\/wp-json\/wp\/v2\/agenda-type?post=9327"}],"curies":[{"name":"wp","href":"https:\/\/api.w.org\/{rel}","templated":true}]}}

<p><strong>Il centro interdipartimentale F<em>UL</em>L – the Future <em>Urban Legacy</em> Lab., è lieto di ospitare la mostra <em>Unveiled Places</em></strong></p>
<p><strong>a cura di Martina Zena e Graphic Days Torino, in collaborazione con Tipografia Altedo</strong></p>
<p><strong><em>Unveiled Places</em></strong></p>
<p>I luoghi accolgono, ricordano, ascoltano… A volte si svuotano e poi vengono dimenticati.<br />
Questi sono gli spazi da riscoprire e riempire di nuove storie.<br />
Torino offre numerosi siti che chiedono di essere visti e guardati sotto una nuova luce e gli occhi di chi questa città la vive stanno imparando a capirne le possibilità.<br />
Circa 650 mila sono i metri quadri su cui la città può investire, rappresentando così un’opportunità di sviluppo e di rigenerazione urbana. Sono numerosi i progetti pensati per queste aree che stanno prendendo forma.<br />
I luoghi individuati in questa mappa rappresentano solo una piccola parte di un ricco potenziale, ma sono realtà che identificano quello che è stato e che è il volto di Torino, una città che ha accolto le attività di grandi aziende, di preziose ricchezze urbane e architettoniche, di università innovative, una città rispettosa dell’ambiente e attenta alle necessità dei cittadini. È da questi spazi che bisogna ripartire: questa infatti è la meta verso cui ci si sta muovendo da più direzioni, perseguendo un intento comune e condiviso.</p>
<p><em>Unveiled Places</em> è una grande mappa che disegna la città intera utilizzando carte differenti, tagliate e marcate a laser, per rappresentare le aree verdi e i corsi d’acqua che la circondano, i monumenti, gli edifici e il reticolo di strade che l&#8217;attraversano.<br />
L’installazione si completa quando il visitatore interagisce con l’opera, scoprendo, grazie al proprio smartphone e ad una tecnologia interattiva, quali sono i luoghi da riscoprire e reinventare.</p>
<p><strong>Martina Zena</strong> was born in Sant’Agostino, the valley in the heart of the Emilia-Romagna region. At present, she is based in Milan.<br />
Following a classical background, Martina studied at the Academy of Fine Arts of Bologna. Her staying at Fabrica (communication research center of the Benetton Group) was then crucial for experimenting and growing professionally, together with a multidisciplinary and international team. The experience highlighted her passion for hybrid forms of expression.</p>
<p><strong>Martina Zena</strong> è nata a Sant&#8217;Agostino, la valle nel cuore dell&#8217;Emilia-Romagna. Attualmente vive a Milano.<br />
Seguendo una formazione classica, Martina ha studiato all&#8217;Accademia di Belle Arti di Bologna. La sua permanenza a Fabrica (centro di ricerca sulla comunicazione del gruppo Benetton) è stata quindi cruciale per sperimentare e crescere professionalmente, insieme a un team multidisciplinare e internazionale. L&#8217;esperienza ha messo in luce la sua passione per le forme espressive ibride.</p>
<p><a href="https://www.graphicdays.it/mostre/">Graphic Days Torino 2019</a></p>
<p><a href="http://www.martinazena.com">Martina Zena</a></p>

<p>Il centro interdipartimentale FULL – the Future Urban Legacy Lab., è lieto di ospitare la mostra Unveiled Places a cura di Martina Zena e Graphic Days Torino, in collaborazione con Tipografia Altedo Unveiled Places I luoghi accolgono, ricordano, ascoltano… A volte si svuotano e poi vengono dimenticati. Questi sono gli spazi da riscoprire e riempire [&hellip;]</p>

<!-- This site is optimized with the Yoast SEO plugin v26.9 - https://yoast.com/product/yoast-seo-wordpress/ -->
<title>FULL Exhibition | Unveiled Places | Martina Zena | Graphic Days Torino - FULL | the Future Urban Legacy Lab</title>
<meta name="robots" content="index, follow, max-snippet:-1, max-image-preview:large, max-video-preview:-1" />
<link rel="canonical" href="https://full.polito.it/en/events/full-exhibition-unveiled-places-martina-zena-graphic-days-torino/" />
<meta property="og:locale" content="en_US" />
<meta property="og:type" content="article" />
<meta property="og:title" content="FULL Exhibition | Unveiled Places | Martina Zena | Graphic Days Torino - FULL | the Future Urban Legacy Lab" />
<meta property="og:description" content="Il centro interdipartimentale FULL – the Future Urban Legacy Lab., è lieto di ospitare la mostra Unveiled Places a cura di Martina Zena e Graphic Days Torino, in collaborazione con Tipografia Altedo Unveiled Places I luoghi accolgono, ricordano, ascoltano… A volte si svuotano e poi vengono dimenticati. Questi sono gli spazi da riscoprire e riempire [&hellip;]" />
<meta property="og:url" content="https://full.polito.it/en/events/full-exhibition-unveiled-places-martina-zena-graphic-days-torino/" />
<meta property="og:site_name" content="FULL | the Future Urban Legacy Lab" />
<meta name="twitter:card" content="summary_large_image" />
<meta name="twitter:label1" content="Est. reading time" />
	<meta name="twitter:data1" content="2 minutes" />
<script type="application/ld+json" class="yoast-schema-graph">{"@context":"https://schema.org","@graph":[{"@type":"WebPage","@id":"https://full.polito.it/en/events/full-exhibition-unveiled-places-martina-zena-graphic-days-torino/","url":"https://full.polito.it/en/events/full-exhibition-unveiled-places-martina-zena-graphic-days-torino/","name":"FULL Exhibition | Unveiled Places | Martina Zena | Graphic Days Torino - FULL | the Future Urban Legacy Lab","isPartOf":{"@id":"https://full.polito.it/en/#website"},"datePublished":"2019-09-27T14:25:53+00:00","breadcrumb":{"@id":"https://full.polito.it/en/events/full-exhibition-unveiled-places-martina-zena-graphic-days-torino/#breadcrumb"},"inLanguage":"en-US","potentialAction":[{"@type":"ReadAction","target":["https://full.polito.it/en/events/full-exhibition-unveiled-places-martina-zena-graphic-days-torino/"]}]},{"@type":"BreadcrumbList","@id":"https://full.polito.it/en/events/full-exhibition-unveiled-places-martina-zena-graphic-days-torino/#breadcrumb","itemListElement":[{"@type":"ListItem","position":1,"name":"Home","item":"https://full.polito.it/en/"},{"@type":"ListItem","position":2,"name":"Events","item":"https://full.polito.it/en/events/"},{"@type":"ListItem","position":3,"name":"FULL Exhibition | Unveiled Places | Martina Zena | Graphic Days Torino"}]},{"@type":"WebSite","@id":"https://full.polito.it/en/#website","url":"https://full.polito.it/en/","name":"FULL | the Future Urban Legacy Lab","description":"the Future Urban Legacy Lab","publisher":{"@id":"https://full.polito.it/en/#organization"},"potentialAction":[{"@type":"SearchAction","target":{"@type":"EntryPoint","urlTemplate":"https://full.polito.it/en/?s={search_term_string}"},"query-input":{"@type":"PropertyValueSpecification","valueRequired":true,"valueName":"search_term_string"}}],"inLanguage":"en-US"},{"@type":"Organization","@id":"https://full.polito.it/en/#organization","name":"FULL | the Future Urban Legacy Lab","url":"https://full.polito.it/en/","logo":{"@type":"ImageObject","inLanguage":"en-US","@id":"https://full.polito.it/en/#/schema/logo/image/","url":"https://full.polito.it/wp-content/uploads/2025/07/fullo-logo-nero.webp","contentUrl":"https://full.polito.it/wp-content/uploads/2025/07/fullo-logo-nero.webp","width":600,"height":225,"caption":"FULL | the Future Urban Legacy Lab"},"image":{"@id":"https://full.polito.it/en/#/schema/logo/image/"}}]}</script>
<!-- / Yoast SEO plugin. -->

Il centro interdipartimentale FULL – the Future Urban Legacy Lab., è lieto di ospitare la mostra Unveiled Places a cura di Martina Zena e Graphic Days Torino, in collaborazione con Tipografia Altedo Unveiled Places I luoghi accolgono, ricordano, ascoltano… A volte si svuotano e poi vengono dimenticati. Questi sono gli spazi da riscoprire e riempire [&hellip;]
