{"id":9323,"date":"2019-05-06T11:19:25","date_gmt":"2019-05-06T09:19:25","guid":{"rendered":"https:\/\/full.polito.it\/agenda\/architectures-of-millennial-development-andrea-pollio\/"},"modified":"2019-05-06T11:19:25","modified_gmt":"2019-05-06T09:19:25","slug":"architectures-of-millennial-development-andrea-pollio","status":"publish","type":"agenda","link":"https:\/\/full.polito.it\/en\/events\/architectures-of-millennial-development-andrea-pollio\/","title":{"rendered":"\u201cArchitectures of Millennial Development\u201d | Andrea Pollio"},"content":{"rendered":"<div>F<em>UL<\/em>L \u00e8 lieto di invitarvi a partecipare all&#8217;Open Seminar &#8220;Architectures of Millennial Development&#8221; tenuto da Andrea Pollio.<\/div>\n<div><\/div>\n<div><\/div>\n<div>L&#8217;incontro \u00e8 aperto a tutti e si svolger\u00e0 venerd\u00ec 10 maggio h. 11.00-12.30 presso la sede di F<em>UL<\/em>L.<\/div>\n<div><\/div>\n<div>\n<div>\n<p>Reso popolare dall\u2019economista indiano C.K. Prahalad, uno dei paradigmi pi\u00f9 influenti dello Sviluppo del nuovo millennio \u00e8 il modello della \u2018base della piramide\u2019, riassunto dall\u2019eloquente motto \u201ceradicating poverty through profits\u201d. Secondo questa teoria economica, la povert\u00e0 pu\u00f2 essere sconfitta attraverso la creazione di prodotti destinati alla cosiddetta \u2018base della piramide\u2019, lo strato pi\u00f9 marginale e svantaggiato della popolazione globale. In altre parole, la ricerca di una soluzione di mercato alla marginalit\u00e0 si traduce nella possibilit\u00e0 di trasformare i pi\u00f9 poveri in nuovi imprenditori e nuovi consumatori di merci e servizi fino ad ora esclusi dai circuiti del capitalismo globale. Questo seminario si interroga sul rapporto tra questo nuovo modello di sviluppo economico e ambiente costruito a Cape Town, la capitale legislativa e seconda citt\u00e0 del Sudafrica. Qui, come in altre citt\u00e0 del Sud del mondo, tali teorie si fanno esperimenti materiali, attraverso una serie di progetti che coinvolgono imprenditori informali, aziende private, promotori immobiliari, architetti, economisti, ONG, capitali filantropici e agenzie statali. Il caso studio di questo seminario e\u2019 proprio uno di questi esperimenti: un complesso edilizio del quale traccio la produzione architettonica, organizzativa e pedagogica, in uno dei quartieri pi\u00f9 poveri di Cape Town. La mia tesi \u00e8 che questa architettura, un cementificio dismesso e trasformato in un hub imprenditoriale, incarni la ricerca di nuove frontiere del capitale alla \u2018base della piramide\u2019, ma che, a uno sguardo pi\u00f9\u2019 attento, essa manifesti un pi\u00f9 ampio spettro di sentimenti economici e politici, compresa la ricerca di giustizia spaziale tra le eredit\u00e0 urbane dell&#8217;apartheid e del colonialismo.<\/p>\n<\/div>\n<\/div>\n","protected":false},"excerpt":{"rendered":"<p>FULL \u00e8 lieto di invitarvi a partecipare all&#8217;Open Seminar &#8220;Architectures of Millennial Development&#8221; tenuto da Andrea Pollio. L&#8217;incontro \u00e8 aperto a tutti e si svolger\u00e0 venerd\u00ec 10 maggio h. 11.00-12.30 presso la sede di FULL. Reso popolare dall\u2019economista indiano C.K. Prahalad, uno dei paradigmi pi\u00f9 influenti dello Sviluppo del nuovo millennio \u00e8 il modello della [&hellip;]<\/p>\n","protected":false},"featured_media":0,"parent":0,"template":"","meta":{"_acf_changed":false},"primo-piano":[],"research-tag":[],"research-tematictag":[],"agenda-type":[359],"class_list":["post-9323","agenda","type-agenda","status-publish","hentry","agenda-type-seminar"],"acf":[],"yoast_head":"<!-- This site is optimized with the Yoast SEO plugin v26.9 - https:\/\/yoast.com\/product\/yoast-seo-wordpress\/ -->\n<title>\u201cArchitectures of Millennial Development\u201d | Andrea Pollio - FULL | the Future Urban Legacy Lab<\/title>\n<meta name=\"robots\" content=\"index, follow, max-snippet:-1, max-image-preview:large, max-video-preview:-1\" \/>\n<link rel=\"canonical\" href=\"https:\/\/full.polito.it\/en\/events\/architectures-of-millennial-development-andrea-pollio\/\" \/>\n<meta property=\"og:locale\" content=\"en_US\" \/>\n<meta property=\"og:type\" content=\"article\" \/>\n<meta property=\"og:title\" content=\"\u201cArchitectures of Millennial Development\u201d | Andrea Pollio - FULL | the Future Urban Legacy Lab\" \/>\n<meta property=\"og:description\" content=\"FULL \u00e8 lieto di invitarvi a partecipare all&#8217;Open Seminar &#8220;Architectures of Millennial Development&#8221; tenuto da Andrea Pollio. L&#8217;incontro \u00e8 aperto a tutti e si svolger\u00e0 venerd\u00ec 10 maggio h. 11.00-12.30 presso la sede di FULL. Reso popolare dall\u2019economista indiano C.K. Prahalad, uno dei paradigmi pi\u00f9 influenti dello Sviluppo del nuovo millennio \u00e8 il modello della [&hellip;]\" \/>\n<meta property=\"og:url\" content=\"https:\/\/full.polito.it\/en\/events\/architectures-of-millennial-development-andrea-pollio\/\" \/>\n<meta property=\"og:site_name\" content=\"FULL | the Future Urban Legacy Lab\" \/>\n<meta name=\"twitter:card\" content=\"summary_large_image\" \/>\n<meta name=\"twitter:label1\" content=\"Est. reading time\" \/>\n\t<meta name=\"twitter:data1\" content=\"1 minute\" \/>\n<script type=\"application\/ld+json\" class=\"yoast-schema-graph\">{\"@context\":\"https:\/\/schema.org\",\"@graph\":[{\"@type\":\"WebPage\",\"@id\":\"https:\/\/full.polito.it\/en\/events\/architectures-of-millennial-development-andrea-pollio\/\",\"url\":\"https:\/\/full.polito.it\/en\/events\/architectures-of-millennial-development-andrea-pollio\/\",\"name\":\"\u201cArchitectures of Millennial Development\u201d | Andrea Pollio - FULL | the Future Urban Legacy Lab\",\"isPartOf\":{\"@id\":\"https:\/\/full.polito.it\/en\/#website\"},\"datePublished\":\"2019-05-06T09:19:25+00:00\",\"breadcrumb\":{\"@id\":\"https:\/\/full.polito.it\/en\/events\/architectures-of-millennial-development-andrea-pollio\/#breadcrumb\"},\"inLanguage\":\"en-US\",\"potentialAction\":[{\"@type\":\"ReadAction\",\"target\":[\"https:\/\/full.polito.it\/en\/events\/architectures-of-millennial-development-andrea-pollio\/\"]}]},{\"@type\":\"BreadcrumbList\",\"@id\":\"https:\/\/full.polito.it\/en\/events\/architectures-of-millennial-development-andrea-pollio\/#breadcrumb\",\"itemListElement\":[{\"@type\":\"ListItem\",\"position\":1,\"name\":\"Home\",\"item\":\"https:\/\/full.polito.it\/en\/\"},{\"@type\":\"ListItem\",\"position\":2,\"name\":\"Events\",\"item\":\"https:\/\/full.polito.it\/en\/events\/\"},{\"@type\":\"ListItem\",\"position\":3,\"name\":\"\u201cArchitectures of Millennial Development\u201d | Andrea Pollio\"}]},{\"@type\":\"WebSite\",\"@id\":\"https:\/\/full.polito.it\/en\/#website\",\"url\":\"https:\/\/full.polito.it\/en\/\",\"name\":\"FULL | the Future Urban Legacy Lab\",\"description\":\"the Future Urban Legacy Lab\",\"publisher\":{\"@id\":\"https:\/\/full.polito.it\/en\/#organization\"},\"potentialAction\":[{\"@type\":\"SearchAction\",\"target\":{\"@type\":\"EntryPoint\",\"urlTemplate\":\"https:\/\/full.polito.it\/en\/?s={search_term_string}\"},\"query-input\":{\"@type\":\"PropertyValueSpecification\",\"valueRequired\":true,\"valueName\":\"search_term_string\"}}],\"inLanguage\":\"en-US\"},{\"@type\":\"Organization\",\"@id\":\"https:\/\/full.polito.it\/en\/#organization\",\"name\":\"FULL | the Future Urban Legacy Lab\",\"url\":\"https:\/\/full.polito.it\/en\/\",\"logo\":{\"@type\":\"ImageObject\",\"inLanguage\":\"en-US\",\"@id\":\"https:\/\/full.polito.it\/en\/#\/schema\/logo\/image\/\",\"url\":\"https:\/\/full.polito.it\/wp-content\/uploads\/2025\/07\/fullo-logo-nero.webp\",\"contentUrl\":\"https:\/\/full.polito.it\/wp-content\/uploads\/2025\/07\/fullo-logo-nero.webp\",\"width\":600,\"height\":225,\"caption\":\"FULL | the Future Urban Legacy Lab\"},\"image\":{\"@id\":\"https:\/\/full.polito.it\/en\/#\/schema\/logo\/image\/\"}}]}<\/script>\n<!-- \/ Yoast SEO plugin. -->","yoast_head_json":{"title":"\u201cArchitectures of Millennial Development\u201d | Andrea Pollio - FULL | the Future Urban Legacy Lab","robots":{"index":"index","follow":"follow","max-snippet":"max-snippet:-1","max-image-preview":"max-image-preview:large","max-video-preview":"max-video-preview:-1"},"canonical":"https:\/\/full.polito.it\/en\/events\/architectures-of-millennial-development-andrea-pollio\/","og_locale":"en_US","og_type":"article","og_title":"\u201cArchitectures of Millennial Development\u201d | Andrea Pollio - FULL | the Future Urban Legacy Lab","og_description":"FULL \u00e8 lieto di invitarvi a partecipare all&#8217;Open Seminar &#8220;Architectures of Millennial Development&#8221; tenuto da Andrea Pollio. L&#8217;incontro \u00e8 aperto a tutti e si svolger\u00e0 venerd\u00ec 10 maggio h. 11.00-12.30 presso la sede di FULL. Reso popolare dall\u2019economista indiano C.K. Prahalad, uno dei paradigmi pi\u00f9 influenti dello Sviluppo del nuovo millennio \u00e8 il modello della [&hellip;]","og_url":"https:\/\/full.polito.it\/en\/events\/architectures-of-millennial-development-andrea-pollio\/","og_site_name":"FULL | the Future Urban Legacy Lab","twitter_card":"summary_large_image","twitter_misc":{"Est. reading time":"1 minute"},"schema":{"@context":"https:\/\/schema.org","@graph":[{"@type":"WebPage","@id":"https:\/\/full.polito.it\/en\/events\/architectures-of-millennial-development-andrea-pollio\/","url":"https:\/\/full.polito.it\/en\/events\/architectures-of-millennial-development-andrea-pollio\/","name":"\u201cArchitectures of Millennial Development\u201d | Andrea Pollio - FULL | the Future Urban Legacy Lab","isPartOf":{"@id":"https:\/\/full.polito.it\/en\/#website"},"datePublished":"2019-05-06T09:19:25+00:00","breadcrumb":{"@id":"https:\/\/full.polito.it\/en\/events\/architectures-of-millennial-development-andrea-pollio\/#breadcrumb"},"inLanguage":"en-US","potentialAction":[{"@type":"ReadAction","target":["https:\/\/full.polito.it\/en\/events\/architectures-of-millennial-development-andrea-pollio\/"]}]},{"@type":"BreadcrumbList","@id":"https:\/\/full.polito.it\/en\/events\/architectures-of-millennial-development-andrea-pollio\/#breadcrumb","itemListElement":[{"@type":"ListItem","position":1,"name":"Home","item":"https:\/\/full.polito.it\/en\/"},{"@type":"ListItem","position":2,"name":"Events","item":"https:\/\/full.polito.it\/en\/events\/"},{"@type":"ListItem","position":3,"name":"\u201cArchitectures of Millennial Development\u201d | Andrea Pollio"}]},{"@type":"WebSite","@id":"https:\/\/full.polito.it\/en\/#website","url":"https:\/\/full.polito.it\/en\/","name":"FULL | the Future Urban Legacy Lab","description":"the Future Urban Legacy Lab","publisher":{"@id":"https:\/\/full.polito.it\/en\/#organization"},"potentialAction":[{"@type":"SearchAction","target":{"@type":"EntryPoint","urlTemplate":"https:\/\/full.polito.it\/en\/?s={search_term_string}"},"query-input":{"@type":"PropertyValueSpecification","valueRequired":true,"valueName":"search_term_string"}}],"inLanguage":"en-US"},{"@type":"Organization","@id":"https:\/\/full.polito.it\/en\/#organization","name":"FULL | the Future Urban Legacy Lab","url":"https:\/\/full.polito.it\/en\/","logo":{"@type":"ImageObject","inLanguage":"en-US","@id":"https:\/\/full.polito.it\/en\/#\/schema\/logo\/image\/","url":"https:\/\/full.polito.it\/wp-content\/uploads\/2025\/07\/fullo-logo-nero.webp","contentUrl":"https:\/\/full.polito.it\/wp-content\/uploads\/2025\/07\/fullo-logo-nero.webp","width":600,"height":225,"caption":"FULL | the Future Urban Legacy Lab"},"image":{"@id":"https:\/\/full.polito.it\/en\/#\/schema\/logo\/image\/"}}]}},"_links":{"self":[{"href":"https:\/\/full.polito.it\/en\/wp-json\/wp\/v2\/agenda\/9323","targetHints":{"allow":["GET"]}}],"collection":[{"href":"https:\/\/full.polito.it\/en\/wp-json\/wp\/v2\/agenda"}],"about":[{"href":"https:\/\/full.polito.it\/en\/wp-json\/wp\/v2\/types\/agenda"}],"wp:attachment":[{"href":"https:\/\/full.polito.it\/en\/wp-json\/wp\/v2\/media?parent=9323"}],"wp:term":[{"taxonomy":"primo-piano","embeddable":true,"href":"https:\/\/full.polito.it\/en\/wp-json\/wp\/v2\/primo-piano?post=9323"},{"taxonomy":"research-tag","embeddable":true,"href":"https:\/\/full.polito.it\/en\/wp-json\/wp\/v2\/research-tag?post=9323"},{"taxonomy":"research-tematictag","embeddable":true,"href":"https:\/\/full.polito.it\/en\/wp-json\/wp\/v2\/research-tematictag?post=9323"},{"taxonomy":"agenda-type","embeddable":true,"href":"https:\/\/full.polito.it\/en\/wp-json\/wp\/v2\/agenda-type?post=9323"}],"curies":[{"name":"wp","href":"https:\/\/api.w.org\/{rel}","templated":true}]}}

<div>F<em>UL</em>L è lieto di invitarvi a partecipare all&#8217;Open Seminar &#8220;Architectures of Millennial Development&#8221; tenuto da Andrea Pollio.</div>
<div></div>
<div></div>
<div>L&#8217;incontro è aperto a tutti e si svolgerà venerdì 10 maggio h. 11.00-12.30 presso la sede di F<em>UL</em>L.</div>
<div></div>
<div>
<div>
<p>Reso popolare dall’economista indiano C.K. Prahalad, uno dei paradigmi più influenti dello Sviluppo del nuovo millennio è il modello della ‘base della piramide’, riassunto dall’eloquente motto “eradicating poverty through profits”. Secondo questa teoria economica, la povertà può essere sconfitta attraverso la creazione di prodotti destinati alla cosiddetta ‘base della piramide’, lo strato più marginale e svantaggiato della popolazione globale. In altre parole, la ricerca di una soluzione di mercato alla marginalità si traduce nella possibilità di trasformare i più poveri in nuovi imprenditori e nuovi consumatori di merci e servizi fino ad ora esclusi dai circuiti del capitalismo globale. Questo seminario si interroga sul rapporto tra questo nuovo modello di sviluppo economico e ambiente costruito a Cape Town, la capitale legislativa e seconda città del Sudafrica. Qui, come in altre città del Sud del mondo, tali teorie si fanno esperimenti materiali, attraverso una serie di progetti che coinvolgono imprenditori informali, aziende private, promotori immobiliari, architetti, economisti, ONG, capitali filantropici e agenzie statali. Il caso studio di questo seminario e’ proprio uno di questi esperimenti: un complesso edilizio del quale traccio la produzione architettonica, organizzativa e pedagogica, in uno dei quartieri più poveri di Cape Town. La mia tesi è che questa architettura, un cementificio dismesso e trasformato in un hub imprenditoriale, incarni la ricerca di nuove frontiere del capitale alla ‘base della piramide’, ma che, a uno sguardo più’ attento, essa manifesti un più ampio spettro di sentimenti economici e politici, compresa la ricerca di giustizia spaziale tra le eredità urbane dell&#8217;apartheid e del colonialismo.</p>
</div>
</div>

<p>FULL è lieto di invitarvi a partecipare all&#8217;Open Seminar &#8220;Architectures of Millennial Development&#8221; tenuto da Andrea Pollio. L&#8217;incontro è aperto a tutti e si svolgerà venerdì 10 maggio h. 11.00-12.30 presso la sede di FULL. Reso popolare dall’economista indiano C.K. Prahalad, uno dei paradigmi più influenti dello Sviluppo del nuovo millennio è il modello della [&hellip;]</p>

<!-- This site is optimized with the Yoast SEO plugin v26.9 - https://yoast.com/product/yoast-seo-wordpress/ -->
<title>“Architectures of Millennial Development” | Andrea Pollio - FULL | the Future Urban Legacy Lab</title>
<meta name="robots" content="index, follow, max-snippet:-1, max-image-preview:large, max-video-preview:-1" />
<link rel="canonical" href="https://full.polito.it/en/events/architectures-of-millennial-development-andrea-pollio/" />
<meta property="og:locale" content="en_US" />
<meta property="og:type" content="article" />
<meta property="og:title" content="“Architectures of Millennial Development” | Andrea Pollio - FULL | the Future Urban Legacy Lab" />
<meta property="og:description" content="FULL è lieto di invitarvi a partecipare all&#8217;Open Seminar &#8220;Architectures of Millennial Development&#8221; tenuto da Andrea Pollio. L&#8217;incontro è aperto a tutti e si svolgerà venerdì 10 maggio h. 11.00-12.30 presso la sede di FULL. Reso popolare dall’economista indiano C.K. Prahalad, uno dei paradigmi più influenti dello Sviluppo del nuovo millennio è il modello della [&hellip;]" />
<meta property="og:url" content="https://full.polito.it/en/events/architectures-of-millennial-development-andrea-pollio/" />
<meta property="og:site_name" content="FULL | the Future Urban Legacy Lab" />
<meta name="twitter:card" content="summary_large_image" />
<meta name="twitter:label1" content="Est. reading time" />
	<meta name="twitter:data1" content="1 minute" />
<script type="application/ld+json" class="yoast-schema-graph">{"@context":"https://schema.org","@graph":[{"@type":"WebPage","@id":"https://full.polito.it/en/events/architectures-of-millennial-development-andrea-pollio/","url":"https://full.polito.it/en/events/architectures-of-millennial-development-andrea-pollio/","name":"“Architectures of Millennial Development” | Andrea Pollio - FULL | the Future Urban Legacy Lab","isPartOf":{"@id":"https://full.polito.it/en/#website"},"datePublished":"2019-05-06T09:19:25+00:00","breadcrumb":{"@id":"https://full.polito.it/en/events/architectures-of-millennial-development-andrea-pollio/#breadcrumb"},"inLanguage":"en-US","potentialAction":[{"@type":"ReadAction","target":["https://full.polito.it/en/events/architectures-of-millennial-development-andrea-pollio/"]}]},{"@type":"BreadcrumbList","@id":"https://full.polito.it/en/events/architectures-of-millennial-development-andrea-pollio/#breadcrumb","itemListElement":[{"@type":"ListItem","position":1,"name":"Home","item":"https://full.polito.it/en/"},{"@type":"ListItem","position":2,"name":"Events","item":"https://full.polito.it/en/events/"},{"@type":"ListItem","position":3,"name":"“Architectures of Millennial Development” | Andrea Pollio"}]},{"@type":"WebSite","@id":"https://full.polito.it/en/#website","url":"https://full.polito.it/en/","name":"FULL | the Future Urban Legacy Lab","description":"the Future Urban Legacy Lab","publisher":{"@id":"https://full.polito.it/en/#organization"},"potentialAction":[{"@type":"SearchAction","target":{"@type":"EntryPoint","urlTemplate":"https://full.polito.it/en/?s={search_term_string}"},"query-input":{"@type":"PropertyValueSpecification","valueRequired":true,"valueName":"search_term_string"}}],"inLanguage":"en-US"},{"@type":"Organization","@id":"https://full.polito.it/en/#organization","name":"FULL | the Future Urban Legacy Lab","url":"https://full.polito.it/en/","logo":{"@type":"ImageObject","inLanguage":"en-US","@id":"https://full.polito.it/en/#/schema/logo/image/","url":"https://full.polito.it/wp-content/uploads/2025/07/fullo-logo-nero.webp","contentUrl":"https://full.polito.it/wp-content/uploads/2025/07/fullo-logo-nero.webp","width":600,"height":225,"caption":"FULL | the Future Urban Legacy Lab"},"image":{"@id":"https://full.polito.it/en/#/schema/logo/image/"}}]}</script>
<!-- / Yoast SEO plugin. -->

FULL è lieto di invitarvi a partecipare all&#8217;Open Seminar &#8220;Architectures of Millennial Development&#8221; tenuto da Andrea Pollio. L&#8217;incontro è aperto a tutti e si svolgerà venerdì 10 maggio h. 11.00-12.30 presso la sede di FULL. Reso popolare dall’economista indiano C.K. Prahalad, uno dei paradigmi più influenti dello Sviluppo del nuovo millennio è il modello della [&hellip;]
