{"id":9313,"date":"2018-11-28T11:27:53","date_gmt":"2018-11-28T10:27:53","guid":{"rendered":"https:\/\/full.polito.it\/agenda\/the-building-jose-araguez\/"},"modified":"2018-11-28T11:27:53","modified_gmt":"2018-11-28T10:27:53","slug":"the-building-jose-araguez","status":"publish","type":"agenda","link":"https:\/\/full.polito.it\/en\/events\/the-building-jose-araguez\/","title":{"rendered":"The Building | Jos\u00e9 Araguez"},"content":{"rendered":"<p><strong>Il centro interdipartimentale FULL \u2013 the Future Urban Legacy Lab, presenta la lecture di Jos\u00e9 Arag\u00fcez dal titolo <\/strong><strong><em>The Building. <\/em><\/strong><strong>La lecture si terr\u00e0 nella Sala Caccia del Castello del Valentino il 7 dicembre 2018 alle ore 17:00<\/strong><\/p>\n<p><strong>Discussant dell\u2019evento saranno: Alessandro Armando, Michela Rosso\u00a0<\/strong><\/p>\n<p><b>The\u00a0Building<\/b><\/p>\n<p dir=\"ltr\">Since 2014, Jos\u00e9 Arag\u00fcez has led the international project \u201cThe Building\u201d which has yielded two symposia\u2014at Columbia GSAPP and the Architectural Association in London\u2014and a theory seminar at Cornell University. The results of this work have culminated in a recent book from Lars M\u00fcller Publishers, which will be the topic of discussion at this event.<br class=\"kix-line-break\" \/>Over the last few decades, architectural history and theory have done a remarkable and necessary job of expanding their limits and audiences. The flip side of this expansion, however, has been a marked displacement of the object, and with it ultimately a certain neglect of architectural thinking proper. On the other end of the spectrum, discussions centered firmly round design process and outcome have often proved self-referential or restricted to the spheres of practice and studio teaching alone. This project constructs a bridge between these two tendencies by mobilizing a topic\u2014\u201cthe building\u201d\u2014that typically belongs in the latter while seeking the former\u2019s expansion. If the dominant approach driving architectural history and theory today concerns identifying novel subject matter, here instead the challenge involves taking up one of the discipline\u2019s oldest themes and reconfiguring it through the intellectual tools now at our disposal.<\/p>\n<p dir=\"ltr\">Forty-three contributors based in Europe and the US, including deans and academic leaders, architects, historians, theorists, philosophers, and doctoral candidates, offer poignant explorations of key architectural structures conceived across Asia and the West from the late 1980s to the present. In exploring these structures through a number of questions both intra- and metadisciplinary\u2014like sameness, value, iconography, objecthood, the urban subject, boredom, and digital technologies\u2014this volume suggests ways in which buildings can trigger conceptual frameworks whose influence extends beyond architecture into other domains of knowledge and practice. Such domains include cultural and intellectual history, philosophy, literary theory, the city, the arts, and design at large. <br class=\"kix-line-break\" \/>By way of the building, therefore, this book illustrates the distinct capacity of architectural thinking to engender far-reaching concepts and, more generally, discourse\u2014while the serendipitous encounters between diverse case studies from Europe, Asia, and the US unveil unexpected synergies and tensions that open up new research territories in design culture.<\/p>\n<p dir=\"ltr\"><em><strong>Jos\u00e9 Arag\u00fcez<\/strong> is an architect, scholar, editor, and educator. He is Adjunct Professor of Architecture at Columbia University\u2014where he leads graduate design studios and seminars\u2014and is scheduled to complete his PhD in the History and Theory of Architecture at Princeton on January 14th, 2019.<\/em><\/p>\n<p><em>Arag\u00fcez holds a Diploma in Architecture and Urbanism from University of Granada, Spain (Honorable Mention, University Graduation Extraordinary Prize, and 1st National Prize in Architecture) and, from Columbia GSAPP, a post-professional Master\u2019s degree (Honor Prize for Excellence in Design) and a Graduate Certificate in Advanced Architectural Research. He has lectured extensively across Europe, North America and in the Middle East\u2014including most of the top schools\u2014and taught, besides Columbia, at Cornell, Princeton, Rice University in Paris, and University of Granada. His recent five-year project, culminating in the publication of The Building (2016, Lars M\u00fcller Pub.), is described in international circles as one of the most significant contributions to architectural discourse in the last decade.<\/em><\/p>\n","protected":false},"excerpt":{"rendered":"<p>Il centro interdipartimentale FULL \u2013 the Future Urban Legacy Lab, presenta la lecture di Jos\u00e9 Arag\u00fcez dal titolo The Building. La lecture si terr\u00e0 nella Sala Caccia del Castello del Valentino il 7 dicembre 2018 alle ore 17:00 Discussant dell\u2019evento saranno: Alessandro Armando, Michela Rosso\u00a0 The\u00a0Building Since 2014, Jos\u00e9 Arag\u00fcez has led the international project [&hellip;]<\/p>\n","protected":false},"featured_media":0,"parent":0,"template":"","meta":{"_acf_changed":false},"primo-piano":[],"research-tag":[],"research-tematictag":[],"agenda-type":[358],"class_list":["post-9313","agenda","type-agenda","status-publish","hentry","agenda-type-presentation"],"acf":[],"yoast_head":"<!-- This site is optimized with the Yoast SEO plugin v26.9 - https:\/\/yoast.com\/product\/yoast-seo-wordpress\/ -->\n<title>The Building | Jos\u00e9 Araguez - FULL | the Future Urban Legacy Lab<\/title>\n<meta name=\"robots\" content=\"index, follow, max-snippet:-1, max-image-preview:large, max-video-preview:-1\" \/>\n<link rel=\"canonical\" href=\"https:\/\/full.polito.it\/en\/events\/the-building-jose-araguez\/\" \/>\n<meta property=\"og:locale\" content=\"en_US\" \/>\n<meta property=\"og:type\" content=\"article\" \/>\n<meta property=\"og:title\" content=\"The Building | Jos\u00e9 Araguez - FULL | the Future Urban Legacy Lab\" \/>\n<meta property=\"og:description\" content=\"Il centro interdipartimentale FULL \u2013 the Future Urban Legacy Lab, presenta la lecture di Jos\u00e9 Arag\u00fcez dal titolo The Building. La lecture si terr\u00e0 nella Sala Caccia del Castello del Valentino il 7 dicembre 2018 alle ore 17:00 Discussant dell\u2019evento saranno: Alessandro Armando, Michela Rosso\u00a0 The\u00a0Building Since 2014, Jos\u00e9 Arag\u00fcez has led the international project [&hellip;]\" \/>\n<meta property=\"og:url\" content=\"https:\/\/full.polito.it\/en\/events\/the-building-jose-araguez\/\" \/>\n<meta property=\"og:site_name\" content=\"FULL | the Future Urban Legacy Lab\" \/>\n<meta name=\"twitter:card\" content=\"summary_large_image\" \/>\n<meta name=\"twitter:label1\" content=\"Est. reading time\" \/>\n\t<meta name=\"twitter:data1\" content=\"3 minutes\" \/>\n<script type=\"application\/ld+json\" class=\"yoast-schema-graph\">{\"@context\":\"https:\/\/schema.org\",\"@graph\":[{\"@type\":\"WebPage\",\"@id\":\"https:\/\/full.polito.it\/en\/events\/the-building-jose-araguez\/\",\"url\":\"https:\/\/full.polito.it\/en\/events\/the-building-jose-araguez\/\",\"name\":\"The Building | Jos\u00e9 Araguez - FULL | the Future Urban Legacy Lab\",\"isPartOf\":{\"@id\":\"https:\/\/full.polito.it\/en\/#website\"},\"datePublished\":\"2018-11-28T10:27:53+00:00\",\"breadcrumb\":{\"@id\":\"https:\/\/full.polito.it\/en\/events\/the-building-jose-araguez\/#breadcrumb\"},\"inLanguage\":\"en-US\",\"potentialAction\":[{\"@type\":\"ReadAction\",\"target\":[\"https:\/\/full.polito.it\/en\/events\/the-building-jose-araguez\/\"]}]},{\"@type\":\"BreadcrumbList\",\"@id\":\"https:\/\/full.polito.it\/en\/events\/the-building-jose-araguez\/#breadcrumb\",\"itemListElement\":[{\"@type\":\"ListItem\",\"position\":1,\"name\":\"Home\",\"item\":\"https:\/\/full.polito.it\/en\/\"},{\"@type\":\"ListItem\",\"position\":2,\"name\":\"Events\",\"item\":\"https:\/\/full.polito.it\/en\/events\/\"},{\"@type\":\"ListItem\",\"position\":3,\"name\":\"The Building | Jos\u00e9 Araguez\"}]},{\"@type\":\"WebSite\",\"@id\":\"https:\/\/full.polito.it\/en\/#website\",\"url\":\"https:\/\/full.polito.it\/en\/\",\"name\":\"FULL | the Future Urban Legacy Lab\",\"description\":\"the Future Urban Legacy Lab\",\"publisher\":{\"@id\":\"https:\/\/full.polito.it\/en\/#organization\"},\"potentialAction\":[{\"@type\":\"SearchAction\",\"target\":{\"@type\":\"EntryPoint\",\"urlTemplate\":\"https:\/\/full.polito.it\/en\/?s={search_term_string}\"},\"query-input\":{\"@type\":\"PropertyValueSpecification\",\"valueRequired\":true,\"valueName\":\"search_term_string\"}}],\"inLanguage\":\"en-US\"},{\"@type\":\"Organization\",\"@id\":\"https:\/\/full.polito.it\/en\/#organization\",\"name\":\"FULL | the Future Urban Legacy Lab\",\"url\":\"https:\/\/full.polito.it\/en\/\",\"logo\":{\"@type\":\"ImageObject\",\"inLanguage\":\"en-US\",\"@id\":\"https:\/\/full.polito.it\/en\/#\/schema\/logo\/image\/\",\"url\":\"https:\/\/full.polito.it\/wp-content\/uploads\/2025\/07\/fullo-logo-nero.webp\",\"contentUrl\":\"https:\/\/full.polito.it\/wp-content\/uploads\/2025\/07\/fullo-logo-nero.webp\",\"width\":600,\"height\":225,\"caption\":\"FULL | the Future Urban Legacy Lab\"},\"image\":{\"@id\":\"https:\/\/full.polito.it\/en\/#\/schema\/logo\/image\/\"}}]}<\/script>\n<!-- \/ Yoast SEO plugin. -->","yoast_head_json":{"title":"The Building | Jos\u00e9 Araguez - FULL | the Future Urban Legacy Lab","robots":{"index":"index","follow":"follow","max-snippet":"max-snippet:-1","max-image-preview":"max-image-preview:large","max-video-preview":"max-video-preview:-1"},"canonical":"https:\/\/full.polito.it\/en\/events\/the-building-jose-araguez\/","og_locale":"en_US","og_type":"article","og_title":"The Building | Jos\u00e9 Araguez - FULL | the Future Urban Legacy Lab","og_description":"Il centro interdipartimentale FULL \u2013 the Future Urban Legacy Lab, presenta la lecture di Jos\u00e9 Arag\u00fcez dal titolo The Building. La lecture si terr\u00e0 nella Sala Caccia del Castello del Valentino il 7 dicembre 2018 alle ore 17:00 Discussant dell\u2019evento saranno: Alessandro Armando, Michela Rosso\u00a0 The\u00a0Building Since 2014, Jos\u00e9 Arag\u00fcez has led the international project [&hellip;]","og_url":"https:\/\/full.polito.it\/en\/events\/the-building-jose-araguez\/","og_site_name":"FULL | the Future Urban Legacy Lab","twitter_card":"summary_large_image","twitter_misc":{"Est. reading time":"3 minutes"},"schema":{"@context":"https:\/\/schema.org","@graph":[{"@type":"WebPage","@id":"https:\/\/full.polito.it\/en\/events\/the-building-jose-araguez\/","url":"https:\/\/full.polito.it\/en\/events\/the-building-jose-araguez\/","name":"The Building | Jos\u00e9 Araguez - FULL | the Future Urban Legacy Lab","isPartOf":{"@id":"https:\/\/full.polito.it\/en\/#website"},"datePublished":"2018-11-28T10:27:53+00:00","breadcrumb":{"@id":"https:\/\/full.polito.it\/en\/events\/the-building-jose-araguez\/#breadcrumb"},"inLanguage":"en-US","potentialAction":[{"@type":"ReadAction","target":["https:\/\/full.polito.it\/en\/events\/the-building-jose-araguez\/"]}]},{"@type":"BreadcrumbList","@id":"https:\/\/full.polito.it\/en\/events\/the-building-jose-araguez\/#breadcrumb","itemListElement":[{"@type":"ListItem","position":1,"name":"Home","item":"https:\/\/full.polito.it\/en\/"},{"@type":"ListItem","position":2,"name":"Events","item":"https:\/\/full.polito.it\/en\/events\/"},{"@type":"ListItem","position":3,"name":"The Building | Jos\u00e9 Araguez"}]},{"@type":"WebSite","@id":"https:\/\/full.polito.it\/en\/#website","url":"https:\/\/full.polito.it\/en\/","name":"FULL | the Future Urban Legacy Lab","description":"the Future Urban Legacy Lab","publisher":{"@id":"https:\/\/full.polito.it\/en\/#organization"},"potentialAction":[{"@type":"SearchAction","target":{"@type":"EntryPoint","urlTemplate":"https:\/\/full.polito.it\/en\/?s={search_term_string}"},"query-input":{"@type":"PropertyValueSpecification","valueRequired":true,"valueName":"search_term_string"}}],"inLanguage":"en-US"},{"@type":"Organization","@id":"https:\/\/full.polito.it\/en\/#organization","name":"FULL | the Future Urban Legacy Lab","url":"https:\/\/full.polito.it\/en\/","logo":{"@type":"ImageObject","inLanguage":"en-US","@id":"https:\/\/full.polito.it\/en\/#\/schema\/logo\/image\/","url":"https:\/\/full.polito.it\/wp-content\/uploads\/2025\/07\/fullo-logo-nero.webp","contentUrl":"https:\/\/full.polito.it\/wp-content\/uploads\/2025\/07\/fullo-logo-nero.webp","width":600,"height":225,"caption":"FULL | the Future Urban Legacy Lab"},"image":{"@id":"https:\/\/full.polito.it\/en\/#\/schema\/logo\/image\/"}}]}},"_links":{"self":[{"href":"https:\/\/full.polito.it\/en\/wp-json\/wp\/v2\/agenda\/9313","targetHints":{"allow":["GET"]}}],"collection":[{"href":"https:\/\/full.polito.it\/en\/wp-json\/wp\/v2\/agenda"}],"about":[{"href":"https:\/\/full.polito.it\/en\/wp-json\/wp\/v2\/types\/agenda"}],"wp:attachment":[{"href":"https:\/\/full.polito.it\/en\/wp-json\/wp\/v2\/media?parent=9313"}],"wp:term":[{"taxonomy":"primo-piano","embeddable":true,"href":"https:\/\/full.polito.it\/en\/wp-json\/wp\/v2\/primo-piano?post=9313"},{"taxonomy":"research-tag","embeddable":true,"href":"https:\/\/full.polito.it\/en\/wp-json\/wp\/v2\/research-tag?post=9313"},{"taxonomy":"research-tematictag","embeddable":true,"href":"https:\/\/full.polito.it\/en\/wp-json\/wp\/v2\/research-tematictag?post=9313"},{"taxonomy":"agenda-type","embeddable":true,"href":"https:\/\/full.polito.it\/en\/wp-json\/wp\/v2\/agenda-type?post=9313"}],"curies":[{"name":"wp","href":"https:\/\/api.w.org\/{rel}","templated":true}]}}

The Building | José Araguez

<p><strong>Il centro interdipartimentale FULL – the Future Urban Legacy Lab, presenta la lecture di José Aragüez dal titolo </strong><strong><em>The Building. </em></strong><strong>La lecture si terrà nella Sala Caccia del Castello del Valentino il 7 dicembre 2018 alle ore 17:00</strong></p>
<p><strong>Discussant dell’evento saranno: Alessandro Armando, Michela Rosso </strong></p>
<p><b>The Building</b></p>
<p dir="ltr">Since 2014, José Aragüez has led the international project “The Building” which has yielded two symposia—at Columbia GSAPP and the Architectural Association in London—and a theory seminar at Cornell University. The results of this work have culminated in a recent book from Lars Müller Publishers, which will be the topic of discussion at this event.<br class="kix-line-break" />Over the last few decades, architectural history and theory have done a remarkable and necessary job of expanding their limits and audiences. The flip side of this expansion, however, has been a marked displacement of the object, and with it ultimately a certain neglect of architectural thinking proper. On the other end of the spectrum, discussions centered firmly round design process and outcome have often proved self-referential or restricted to the spheres of practice and studio teaching alone. This project constructs a bridge between these two tendencies by mobilizing a topic—“the building”—that typically belongs in the latter while seeking the former’s expansion. If the dominant approach driving architectural history and theory today concerns identifying novel subject matter, here instead the challenge involves taking up one of the discipline’s oldest themes and reconfiguring it through the intellectual tools now at our disposal.</p>
<p dir="ltr">Forty-three contributors based in Europe and the US, including deans and academic leaders, architects, historians, theorists, philosophers, and doctoral candidates, offer poignant explorations of key architectural structures conceived across Asia and the West from the late 1980s to the present. In exploring these structures through a number of questions both intra- and metadisciplinary—like sameness, value, iconography, objecthood, the urban subject, boredom, and digital technologies—this volume suggests ways in which buildings can trigger conceptual frameworks whose influence extends beyond architecture into other domains of knowledge and practice. Such domains include cultural and intellectual history, philosophy, literary theory, the city, the arts, and design at large. <br class="kix-line-break" />By way of the building, therefore, this book illustrates the distinct capacity of architectural thinking to engender far-reaching concepts and, more generally, discourse—while the serendipitous encounters between diverse case studies from Europe, Asia, and the US unveil unexpected synergies and tensions that open up new research territories in design culture.</p>
<p dir="ltr"><em><strong>José Aragüez</strong> is an architect, scholar, editor, and educator. He is Adjunct Professor of Architecture at Columbia University—where he leads graduate design studios and seminars—and is scheduled to complete his PhD in the History and Theory of Architecture at Princeton on January 14th, 2019.</em></p>
<p><em>Aragüez holds a Diploma in Architecture and Urbanism from University of Granada, Spain (Honorable Mention, University Graduation Extraordinary Prize, and 1st National Prize in Architecture) and, from Columbia GSAPP, a post-professional Master’s degree (Honor Prize for Excellence in Design) and a Graduate Certificate in Advanced Architectural Research. He has lectured extensively across Europe, North America and in the Middle East—including most of the top schools—and taught, besides Columbia, at Cornell, Princeton, Rice University in Paris, and University of Granada. His recent five-year project, culminating in the publication of The Building (2016, Lars Müller Pub.), is described in international circles as one of the most significant contributions to architectural discourse in the last decade.</em></p>

<p>Il centro interdipartimentale FULL – the Future Urban Legacy Lab, presenta la lecture di José Aragüez dal titolo The Building. La lecture si terrà nella Sala Caccia del Castello del Valentino il 7 dicembre 2018 alle ore 17:00 Discussant dell’evento saranno: Alessandro Armando, Michela Rosso  The Building Since 2014, José Aragüez has led the international project [&hellip;]</p>

<!-- This site is optimized with the Yoast SEO plugin v26.9 - https://yoast.com/product/yoast-seo-wordpress/ -->
<title>The Building | José Araguez - FULL | the Future Urban Legacy Lab</title>
<meta name="robots" content="index, follow, max-snippet:-1, max-image-preview:large, max-video-preview:-1" />
<link rel="canonical" href="https://full.polito.it/en/events/the-building-jose-araguez/" />
<meta property="og:locale" content="en_US" />
<meta property="og:type" content="article" />
<meta property="og:title" content="The Building | José Araguez - FULL | the Future Urban Legacy Lab" />
<meta property="og:description" content="Il centro interdipartimentale FULL – the Future Urban Legacy Lab, presenta la lecture di José Aragüez dal titolo The Building. La lecture si terrà nella Sala Caccia del Castello del Valentino il 7 dicembre 2018 alle ore 17:00 Discussant dell’evento saranno: Alessandro Armando, Michela Rosso  The Building Since 2014, José Aragüez has led the international project [&hellip;]" />
<meta property="og:url" content="https://full.polito.it/en/events/the-building-jose-araguez/" />
<meta property="og:site_name" content="FULL | the Future Urban Legacy Lab" />
<meta name="twitter:card" content="summary_large_image" />
<meta name="twitter:label1" content="Est. reading time" />
	<meta name="twitter:data1" content="3 minutes" />
<script type="application/ld+json" class="yoast-schema-graph">{"@context":"https://schema.org","@graph":[{"@type":"WebPage","@id":"https://full.polito.it/en/events/the-building-jose-araguez/","url":"https://full.polito.it/en/events/the-building-jose-araguez/","name":"The Building | José Araguez - FULL | the Future Urban Legacy Lab","isPartOf":{"@id":"https://full.polito.it/en/#website"},"datePublished":"2018-11-28T10:27:53+00:00","breadcrumb":{"@id":"https://full.polito.it/en/events/the-building-jose-araguez/#breadcrumb"},"inLanguage":"en-US","potentialAction":[{"@type":"ReadAction","target":["https://full.polito.it/en/events/the-building-jose-araguez/"]}]},{"@type":"BreadcrumbList","@id":"https://full.polito.it/en/events/the-building-jose-araguez/#breadcrumb","itemListElement":[{"@type":"ListItem","position":1,"name":"Home","item":"https://full.polito.it/en/"},{"@type":"ListItem","position":2,"name":"Events","item":"https://full.polito.it/en/events/"},{"@type":"ListItem","position":3,"name":"The Building | José Araguez"}]},{"@type":"WebSite","@id":"https://full.polito.it/en/#website","url":"https://full.polito.it/en/","name":"FULL | the Future Urban Legacy Lab","description":"the Future Urban Legacy Lab","publisher":{"@id":"https://full.polito.it/en/#organization"},"potentialAction":[{"@type":"SearchAction","target":{"@type":"EntryPoint","urlTemplate":"https://full.polito.it/en/?s={search_term_string}"},"query-input":{"@type":"PropertyValueSpecification","valueRequired":true,"valueName":"search_term_string"}}],"inLanguage":"en-US"},{"@type":"Organization","@id":"https://full.polito.it/en/#organization","name":"FULL | the Future Urban Legacy Lab","url":"https://full.polito.it/en/","logo":{"@type":"ImageObject","inLanguage":"en-US","@id":"https://full.polito.it/en/#/schema/logo/image/","url":"https://full.polito.it/wp-content/uploads/2025/07/fullo-logo-nero.webp","contentUrl":"https://full.polito.it/wp-content/uploads/2025/07/fullo-logo-nero.webp","width":600,"height":225,"caption":"FULL | the Future Urban Legacy Lab"},"image":{"@id":"https://full.polito.it/en/#/schema/logo/image/"}}]}</script>
<!-- / Yoast SEO plugin. -->

The Building | José Araguez - FULL | the Future Urban Legacy Lab

Il centro interdipartimentale FULL – the Future Urban Legacy Lab, presenta la lecture di José Aragüez dal titolo The Building. La lecture si terrà nella Sala Caccia del Castello del Valentino il 7 dicembre 2018 alle ore 17:00 Discussant dell’evento saranno: Alessandro Armando, Michela Rosso  The Building Since 2014, José Aragüez has led the international project [&hellip;]
